{"id":1037,"date":"2021-04-30T16:50:09","date_gmt":"2021-04-30T14:50:09","guid":{"rendered":"https:\/\/meble.womil.pl\/?post_type=product&#038;p=1037"},"modified":"2026-03-13T01:40:18","modified_gmt":"2026-03-13T00:40:18","slug":"fotel-klubowy-sante-plusz","status":"publish","type":"product","link":"https:\/\/meble.womil.pl\/index.php\/produkt\/fotel-klubowy-sante-plusz\/","title":{"rendered":"Fotel Klubowy Sante &#8211; plusz be\u017cowy"},"content":{"rendered":"\t\t<div data-elementor-type=\"wp-post\" data-elementor-id=\"1037\" class=\"elementor elementor-1037\">\n\t\t\t\t\t\t<section class=\"elementor-section elementor-top-section elementor-element elementor-element-2f09cd8 elementor-section-boxed elementor-section-height-default elementor-section-height-default\" data-id=\"2f09cd8\" data-element_type=\"section\" data-e-type=\"section\">\n\t\t\t\t\t\t<div class=\"elementor-container elementor-column-gap-default\">\n\t\t\t\t\t<div class=\"elementor-column elementor-col-100 elementor-top-column elementor-element elementor-element-a449ae9\" data-id=\"a449ae9\" data-element_type=\"column\" data-e-type=\"column\">\n\t\t\t<div class=\"elementor-widget-wrap elementor-element-populated\">\n\t\t\t\t\t\t<div class=\"elementor-element elementor-element-75103d7 elementor-widget elementor-widget-text-editor\" data-id=\"75103d7\" data-element_type=\"widget\" data-e-type=\"widget\" data-widget_type=\"text-editor.default\">\n\t\t\t\t<div class=\"elementor-widget-container\">\n\t\t\t\t\t\t\t\t\t<h1>Fotel klubowy Sante<\/h1><p>Fotel Sante to doskona\u0142e i nowoczesne uzupe\u0142nienie wystroju naszych wn\u0119trz &#8211; prostota i elegancja w jednym.<\/p><p>Idealnie wkomponuje si\u0119 w ka\u017cde wn\u0119trze &#8211; pasuje do salonu lub biura, sprawdzi si\u0119 w lokalach rozrywkowych i gastronomicznych, pubach, klubach, kawiarniach czy dyskotekach.<\/p>\t\t\t\t\t\t\t\t<\/div>\n\t\t\t\t<\/div>\n\t\t\t\t\t<\/div>\n\t\t<\/div>\n\t\t\t\t\t<\/div>\n\t\t<\/section>\n\t\t\t\t<section class=\"elementor-section elementor-top-section elementor-element elementor-element-bab511c elementor-section-boxed elementor-section-height-default elementor-section-height-default\" data-id=\"bab511c\" data-element_type=\"section\" data-e-type=\"section\">\n\t\t\t\t\t\t<div class=\"elementor-container elementor-column-gap-default\">\n\t\t\t\t\t\t<\/div>\n\t\t<\/section>\n\t\t\t\t<section class=\"elementor-section elementor-top-section elementor-element elementor-element-93bcbcd elementor-section-boxed elementor-section-height-default elementor-section-height-default\" data-id=\"93bcbcd\" data-element_type=\"section\" data-e-type=\"section\">\n\t\t\t\t\t\t<div class=\"elementor-container elementor-column-gap-default\">\n\t\t\t\t\t<div class=\"elementor-column elementor-col-100 elementor-top-column elementor-element elementor-element-7a49dbd\" data-id=\"7a49dbd\" data-element_type=\"column\" data-e-type=\"column\">\n\t\t\t<div class=\"elementor-widget-wrap elementor-element-populated\">\n\t\t\t\t\t\t<div class=\"elementor-element elementor-element-91bafab elementor-widget elementor-widget-text-editor\" data-id=\"91bafab\" data-element_type=\"widget\" data-e-type=\"widget\" data-widget_type=\"text-editor.default\">\n\t\t\t\t<div class=\"elementor-widget-container\">\n\t\t\t\t\t\t\t\t\t<p><img fetchpriority=\"high\" decoding=\"async\" class=\"size-medium wp-image-1213 aligncenter\" src=\"https:\/\/meble.womil.pl\/wp-content\/uploads\/2021\/04\/IMG_1453-removebg-preview-300x200.png\" alt=\"\" width=\"300\" height=\"200\" title=\"\" srcset=\"https:\/\/meble.womil.pl\/wp-content\/uploads\/2021\/04\/IMG_1453-removebg-preview-300x200.png 300w, https:\/\/meble.womil.pl\/wp-content\/uploads\/2021\/04\/IMG_1453-removebg-preview-e1622194547360-150x100.png 150w, https:\/\/meble.womil.pl\/wp-content\/uploads\/2021\/04\/IMG_1453-removebg-preview.png 612w, https:\/\/meble.womil.pl\/wp-content\/uploads\/2021\/04\/IMG_1453-removebg-preview-600x400.png 600w\" sizes=\"(max-width: 300px) 100vw, 300px\" \/> <img decoding=\"async\" class=\"size-medium wp-image-1216 alignleft\" src=\"https:\/\/meble.womil.pl\/wp-content\/uploads\/2021\/05\/IMG_1451-removebg-preview-300x200.png\" alt=\"\" width=\"300\" height=\"200\" title=\"\" srcset=\"https:\/\/meble.womil.pl\/wp-content\/uploads\/2021\/05\/IMG_1451-removebg-preview-300x200.png 300w, https:\/\/meble.womil.pl\/wp-content\/uploads\/2021\/05\/IMG_1451-removebg-preview.png 612w, https:\/\/meble.womil.pl\/wp-content\/uploads\/2021\/05\/IMG_1451-removebg-preview-600x400.png 600w\" sizes=\"(max-width: 300px) 100vw, 300px\" \/><\/p>\t\t\t\t\t\t\t\t<\/div>\n\t\t\t\t<\/div>\n\t\t\t\t\t<\/div>\n\t\t<\/div>\n\t\t\t\t\t<\/div>\n\t\t<\/section>\n\t\t\t\t<section class=\"elementor-section elementor-top-section elementor-element elementor-element-b2d72b2 elementor-section-boxed elementor-section-height-default elementor-section-height-default\" data-id=\"b2d72b2\" data-element_type=\"section\" data-e-type=\"section\">\n\t\t\t\t\t\t<div class=\"elementor-container elementor-column-gap-default\">\n\t\t\t\t\t<div class=\"elementor-column elementor-col-100 elementor-top-column elementor-element elementor-element-4665c76\" data-id=\"4665c76\" data-element_type=\"column\" data-e-type=\"column\">\n\t\t\t<div class=\"elementor-widget-wrap elementor-element-populated\">\n\t\t\t\t\t\t<div class=\"elementor-element elementor-element-2fba21c elementor-widget elementor-widget-text-editor\" data-id=\"2fba21c\" data-element_type=\"widget\" data-e-type=\"widget\" data-widget_type=\"text-editor.default\">\n\t\t\t\t<div class=\"elementor-widget-container\">\n\t\t\t\t\t\t\t\t\t<p>Nasze fotele wykonujemy z wysokiej jako\u015bci materia\u0142\u00f3w. Stela\u017c oklejony jest wat\u0105 wysoko puszyst\u0105 oraz piank\u0105 poliuretanow\u0105 nadaj\u0105c\u0105 fotelowi po\u017c\u0105danej mi\u0119kko\u015bci i wygody, a na siedzisku znajduje si\u0119 dodatkowa warstwa pianki poliuretanowej.<\/p><p>Sama tapicerka wykonana jest z mocnej i przyjemnej w dotyku tkaniny <b>Plusz. <\/b>Tkanina ta jest praktyczna i \u0142atwa w czyszczeniu. Jej elegancka faktura w po\u0142\u0105czeniu z nowoczesnym kszta\u0142tem fotela doda twojemu wn\u0119trzu klasy.<\/p>\t\t\t\t\t\t\t\t<\/div>\n\t\t\t\t<\/div>\n\t\t\t\t\t<\/div>\n\t\t<\/div>\n\t\t\t\t\t<\/div>\n\t\t<\/section>\n\t\t\t\t<section class=\"elementor-section elementor-top-section elementor-element elementor-element-7771211 elementor-section-boxed elementor-section-height-default elementor-section-height-default\" data-id=\"7771211\" data-element_type=\"section\" data-e-type=\"section\">\n\t\t\t\t\t\t<div class=\"elementor-container elementor-column-gap-default\">\n\t\t\t\t\t<div class=\"elementor-column elementor-col-50 elementor-top-column elementor-element elementor-element-d8eae22\" data-id=\"d8eae22\" data-element_type=\"column\" data-e-type=\"column\">\n\t\t\t<div class=\"elementor-widget-wrap elementor-element-populated\">\n\t\t\t\t\t\t<div class=\"elementor-element elementor-element-d65e06c elementor-widget elementor-widget-text-editor\" data-id=\"d65e06c\" data-element_type=\"widget\" data-e-type=\"widget\" data-widget_type=\"text-editor.default\">\n\t\t\t\t<div class=\"elementor-widget-container\">\n\t\t\t\t\t\t\t\t\t<p><img decoding=\"async\" class=\"aligncenter wp-image-313 size-full\" src=\"https:\/\/meble.womil.pl\/wp-content\/uploads\/2021\/03\/fclubsanate-w.jpg\" alt=\"\" width=\"666\" height=\"531\" title=\"\" srcset=\"https:\/\/meble.womil.pl\/wp-content\/uploads\/2021\/03\/fclubsanate-w.jpg 666w, https:\/\/meble.womil.pl\/wp-content\/uploads\/2021\/03\/fclubsanate-w-300x239.jpg 300w, https:\/\/meble.womil.pl\/wp-content\/uploads\/2021\/03\/fclubsanate-w-600x478.jpg 600w\" sizes=\"(max-width: 666px) 100vw, 666px\" \/><\/p>\t\t\t\t\t\t\t\t<\/div>\n\t\t\t\t<\/div>\n\t\t\t\t\t<\/div>\n\t\t<\/div>\n\t\t\t\t<div class=\"elementor-column elementor-col-50 elementor-top-column elementor-element elementor-element-0cfa154\" data-id=\"0cfa154\" data-element_type=\"column\" data-e-type=\"column\">\n\t\t\t<div class=\"elementor-widget-wrap elementor-element-populated\">\n\t\t\t\t\t\t<div class=\"elementor-element elementor-element-dbd8a25 elementor-widget elementor-widget-text-editor\" data-id=\"dbd8a25\" data-element_type=\"widget\" data-e-type=\"widget\" data-widget_type=\"text-editor.default\">\n\t\t\t\t<div class=\"elementor-widget-container\">\n\t\t\t\t\t\t\t\t\t<div class=\"_1voj4 _z9prt _1xzdi _ai5yc _5d6n2 _15lj1\"><div class=\"_1bo4a _xu6h2 _1ylmp _2d49e_YrWCD\"><div class=\"_1voj4 _z9prt _1xzdi _ai5yc _5d6n2 _15lj1\"><div class=\"_2d49e_5pK0q\"><p><b>Parametry fizyczne<\/b><\/p><ul><li>G\u0142\u0119boko\u015b\u0107 mebla: 65 cm<\/li><li>Szeroko\u015b\u0107 mebla: 75 cm<\/li><li>Wysoko\u015b\u0107 mebla: 65 cm<\/li><\/ul><p><b>Siedzisko<\/b><\/p><ul><li>Wysoko\u015b\u0107 siedziska: 42 cm<\/li><li>Szeroko\u015b\u0107 siedziska: 50 cm<\/li><li>G\u0142\u0119boko\u015b\u0107 siedziska: 46 cm<\/li><\/ul><p><b>Obci\u0105\u017cenie maksymalne<\/b>: 120 kg<\/p><\/div><\/div><\/div><\/div><p>\u00a0<\/p>\t\t\t\t\t\t\t\t<\/div>\n\t\t\t\t<\/div>\n\t\t\t\t\t<\/div>\n\t\t<\/div>\n\t\t\t\t\t<\/div>\n\t\t<\/section>\n\t\t\t\t<section class=\"elementor-section elementor-top-section elementor-element elementor-element-85aac3d elementor-section-boxed elementor-section-height-default elementor-section-height-default\" data-id=\"85aac3d\" data-element_type=\"section\" data-e-type=\"section\">\n\t\t\t\t\t\t<div class=\"elementor-container elementor-column-gap-default\">\n\t\t\t\t\t<div class=\"elementor-column elementor-col-100 elementor-top-column elementor-element elementor-element-431d00b\" data-id=\"431d00b\" data-element_type=\"column\" data-e-type=\"column\">\n\t\t\t<div class=\"elementor-widget-wrap elementor-element-populated\">\n\t\t\t\t\t\t<div class=\"elementor-element elementor-element-d0be42e elementor-widget elementor-widget-text-editor\" data-id=\"d0be42e\" data-element_type=\"widget\" data-e-type=\"widget\" data-widget_type=\"text-editor.default\">\n\t\t\t\t<div class=\"elementor-widget-container\">\n\t\t\t\t\t\t\t\t\t<p><b>W ofercie mamy do wyboru 5 n\u00f3\u017cek.<\/b><\/p><p><b><img loading=\"lazy\" decoding=\"async\" class=\"wp-image-2370 size-full aligncenter\" src=\"https:\/\/meble.womil.pl\/wp-content\/uploads\/2023\/02\/nozki.png\" alt=\"\" width=\"686\" height=\"363\" title=\"\" srcset=\"https:\/\/meble.womil.pl\/wp-content\/uploads\/2023\/02\/nozki.png 686w, https:\/\/meble.womil.pl\/wp-content\/uploads\/2023\/02\/nozki-300x159.png 300w, https:\/\/meble.womil.pl\/wp-content\/uploads\/2023\/02\/nozki-600x317.png 600w\" sizes=\"(max-width: 686px) 100vw, 686px\" \/><\/b><\/p>\t\t\t\t\t\t\t\t<\/div>\n\t\t\t\t<\/div>\n\t\t\t\t\t<\/div>\n\t\t<\/div>\n\t\t\t\t\t<\/div>\n\t\t<\/section>\n\t\t\t\t<section class=\"elementor-section elementor-top-section elementor-element elementor-element-2cf436b elementor-section-boxed elementor-section-height-default elementor-section-height-default\" data-id=\"2cf436b\" data-element_type=\"section\" data-e-type=\"section\">\n\t\t\t\t\t\t<div class=\"elementor-container elementor-column-gap-default\">\n\t\t\t\t\t<div class=\"elementor-column elementor-col-100 elementor-top-column elementor-element elementor-element-476eb9a\" data-id=\"476eb9a\" data-element_type=\"column\" data-e-type=\"column\">\n\t\t\t<div class=\"elementor-widget-wrap\">\n\t\t\t\t\t\t\t<\/div>\n\t\t<\/div>\n\t\t\t\t\t<\/div>\n\t\t<\/section>\n\t\t\t\t<\/div>\n\t\t","protected":false},"excerpt":{"rendered":"<p>Fotel Sante to doskona\u0142e i nowoczesne uzupe\u0142nienie wystroju naszych wn\u0119trz &#8211; prostota i elegancja w jednym.<\/p>\n<p>Idealnie wkomponuje si\u0119 w ka\u017cde wn\u0119trze &#8211; pasuje do salonu lub biura, sprawdzi si\u0119 w lokalach rozrywkowych i gastronomicznych, pubach, klubach, kawiarniach czy dyskotekach.<\/p>\n","protected":false},"featured_media":1241,"comment_status":"open","ping_status":"closed","template":"","meta":[],"product_brand":[],"product_cat":[17],"product_tag":[],"class_list":{"0":"post-1037","1":"product","2":"type-product","3":"status-publish","4":"has-post-thumbnail","6":"product_cat-fotele","8":"first","9":"instock","10":"featured","11":"taxable","12":"shipping-taxable","13":"purchasable","14":"product-type-variable"},"_links":{"self":[{"href":"https:\/\/meble.womil.pl\/index.php\/wp-json\/wp\/v2\/product\/1037","targetHints":{"allow":["GET"]}}],"collection":[{"href":"https:\/\/meble.womil.pl\/index.php\/wp-json\/wp\/v2\/product"}],"about":[{"href":"https:\/\/meble.womil.pl\/index.php\/wp-json\/wp\/v2\/types\/product"}],"replies":[{"embeddable":true,"href":"https:\/\/meble.womil.pl\/index.php\/wp-json\/wp\/v2\/comments?post=1037"}],"version-history":[{"count":28,"href":"https:\/\/meble.womil.pl\/index.php\/wp-json\/wp\/v2\/product\/1037\/revisions"}],"predecessor-version":[{"id":2456,"href":"https:\/\/meble.womil.pl\/index.php\/wp-json\/wp\/v2\/product\/1037\/revisions\/2456"}],"wp:featuredmedia":[{"embeddable":true,"href":"https:\/\/meble.womil.pl\/index.php\/wp-json\/wp\/v2\/media\/1241"}],"wp:attachment":[{"href":"https:\/\/meble.womil.pl\/index.php\/wp-json\/wp\/v2\/media?parent=1037"}],"wp:term":[{"taxonomy":"product_brand","embeddable":true,"href":"https:\/\/meble.womil.pl\/index.php\/wp-json\/wp\/v2\/product_brand?post=1037"},{"taxonomy":"product_cat","embeddable":true,"href":"https:\/\/meble.womil.pl\/index.php\/wp-json\/wp\/v2\/product_cat?post=1037"},{"taxonomy":"product_tag","embeddable":true,"href":"https:\/\/meble.womil.pl\/index.php\/wp-json\/wp\/v2\/product_tag?post=1037"}],"curies":[{"name":"wp","href":"https:\/\/api.w.org\/{rel}","templated":true}]}}

Fotel Klubowy Sante &#8211; plusz beżowy

<div data-elementor-type="wp-post" data-elementor-id="1037" class="elementor elementor-1037">
						<section class="elementor-section elementor-top-section elementor-element elementor-element-2f09cd8 elementor-section-boxed elementor-section-height-default elementor-section-height-default" data-id="2f09cd8" data-element_type="section" data-e-type="section">
						<div class="elementor-container elementor-column-gap-default">
					<div class="elementor-column elementor-col-100 elementor-top-column elementor-element elementor-element-a449ae9" data-id="a449ae9" data-element_type="column" data-e-type="column">
			<div class="elementor-widget-wrap elementor-element-populated">
						<div class="elementor-element elementor-element-75103d7 elementor-widget elementor-widget-text-editor" data-id="75103d7" data-element_type="widget" data-e-type="widget" data-widget_type="text-editor.default">
				<div class="elementor-widget-container">
									<h1>Fotel klubowy Sante</h1><p>Fotel Sante to doskonałe i nowoczesne uzupełnienie wystroju naszych wnętrz &#8211; prostota i elegancja w jednym.</p><p>Idealnie wkomponuje się w każde wnętrze &#8211; pasuje do salonu lub biura, sprawdzi się w lokalach rozrywkowych i gastronomicznych, pubach, klubach, kawiarniach czy dyskotekach.</p>								</div>
				</div>
					</div>
		</div>
					</div>
		</section>
				<section class="elementor-section elementor-top-section elementor-element elementor-element-bab511c elementor-section-boxed elementor-section-height-default elementor-section-height-default" data-id="bab511c" data-element_type="section" data-e-type="section">
						<div class="elementor-container elementor-column-gap-default">
						</div>
		</section>
				<section class="elementor-section elementor-top-section elementor-element elementor-element-93bcbcd elementor-section-boxed elementor-section-height-default elementor-section-height-default" data-id="93bcbcd" data-element_type="section" data-e-type="section">
						<div class="elementor-container elementor-column-gap-default">
					<div class="elementor-column elementor-col-100 elementor-top-column elementor-element elementor-element-7a49dbd" data-id="7a49dbd" data-element_type="column" data-e-type="column">
			<div class="elementor-widget-wrap elementor-element-populated">
						<div class="elementor-element elementor-element-91bafab elementor-widget elementor-widget-text-editor" data-id="91bafab" data-element_type="widget" data-e-type="widget" data-widget_type="text-editor.default">
				<div class="elementor-widget-container">
									<p><img fetchpriority="high" decoding="async" class="size-medium wp-image-1213 aligncenter" src="https://meble.womil.pl/wp-content/uploads/2021/04/IMG_1453-removebg-preview-300x200.png" alt="" width="300" height="200" title="" srcset="https://meble.womil.pl/wp-content/uploads/2021/04/IMG_1453-removebg-preview-300x200.png 300w, https://meble.womil.pl/wp-content/uploads/2021/04/IMG_1453-removebg-preview-e1622194547360-150x100.png 150w, https://meble.womil.pl/wp-content/uploads/2021/04/IMG_1453-removebg-preview.png 612w, https://meble.womil.pl/wp-content/uploads/2021/04/IMG_1453-removebg-preview-600x400.png 600w" sizes="(max-width: 300px) 100vw, 300px" /> <img decoding="async" class="size-medium wp-image-1216 alignleft" src="https://meble.womil.pl/wp-content/uploads/2021/05/IMG_1451-removebg-preview-300x200.png" alt="" width="300" height="200" title="" srcset="https://meble.womil.pl/wp-content/uploads/2021/05/IMG_1451-removebg-preview-300x200.png 300w, https://meble.womil.pl/wp-content/uploads/2021/05/IMG_1451-removebg-preview.png 612w, https://meble.womil.pl/wp-content/uploads/2021/05/IMG_1451-removebg-preview-600x400.png 600w" sizes="(max-width: 300px) 100vw, 300px" /></p>								</div>
				</div>
					</div>
		</div>
					</div>
		</section>
				<section class="elementor-section elementor-top-section elementor-element elementor-element-b2d72b2 elementor-section-boxed elementor-section-height-default elementor-section-height-default" data-id="b2d72b2" data-element_type="section" data-e-type="section">
						<div class="elementor-container elementor-column-gap-default">
					<div class="elementor-column elementor-col-100 elementor-top-column elementor-element elementor-element-4665c76" data-id="4665c76" data-element_type="column" data-e-type="column">
			<div class="elementor-widget-wrap elementor-element-populated">
						<div class="elementor-element elementor-element-2fba21c elementor-widget elementor-widget-text-editor" data-id="2fba21c" data-element_type="widget" data-e-type="widget" data-widget_type="text-editor.default">
				<div class="elementor-widget-container">
									<p>Nasze fotele wykonujemy z wysokiej jakości materiałów. Stelaż oklejony jest watą wysoko puszystą oraz pianką poliuretanową nadającą fotelowi pożądanej miękkości i wygody, a na siedzisku znajduje się dodatkowa warstwa pianki poliuretanowej.</p><p>Sama tapicerka wykonana jest z mocnej i przyjemnej w dotyku tkaniny <b>Plusz. </b>Tkanina ta jest praktyczna i łatwa w czyszczeniu. Jej elegancka faktura w połączeniu z nowoczesnym kształtem fotela doda twojemu wnętrzu klasy.</p>								</div>
				</div>
					</div>
		</div>
					</div>
		</section>
				<section class="elementor-section elementor-top-section elementor-element elementor-element-7771211 elementor-section-boxed elementor-section-height-default elementor-section-height-default" data-id="7771211" data-element_type="section" data-e-type="section">
						<div class="elementor-container elementor-column-gap-default">
					<div class="elementor-column elementor-col-50 elementor-top-column elementor-element elementor-element-d8eae22" data-id="d8eae22" data-element_type="column" data-e-type="column">
			<div class="elementor-widget-wrap elementor-element-populated">
						<div class="elementor-element elementor-element-d65e06c elementor-widget elementor-widget-text-editor" data-id="d65e06c" data-element_type="widget" data-e-type="widget" data-widget_type="text-editor.default">
				<div class="elementor-widget-container">
									<p><img decoding="async" class="aligncenter wp-image-313 size-full" src="https://meble.womil.pl/wp-content/uploads/2021/03/fclubsanate-w.jpg" alt="" width="666" height="531" title="" srcset="https://meble.womil.pl/wp-content/uploads/2021/03/fclubsanate-w.jpg 666w, https://meble.womil.pl/wp-content/uploads/2021/03/fclubsanate-w-300x239.jpg 300w, https://meble.womil.pl/wp-content/uploads/2021/03/fclubsanate-w-600x478.jpg 600w" sizes="(max-width: 666px) 100vw, 666px" /></p>								</div>
				</div>
					</div>
		</div>
				<div class="elementor-column elementor-col-50 elementor-top-column elementor-element elementor-element-0cfa154" data-id="0cfa154" data-element_type="column" data-e-type="column">
			<div class="elementor-widget-wrap elementor-element-populated">
						<div class="elementor-element elementor-element-dbd8a25 elementor-widget elementor-widget-text-editor" data-id="dbd8a25" data-element_type="widget" data-e-type="widget" data-widget_type="text-editor.default">
				<div class="elementor-widget-container">
									<div class="_1voj4 _z9prt _1xzdi _ai5yc _5d6n2 _15lj1"><div class="_1bo4a _xu6h2 _1ylmp _2d49e_YrWCD"><div class="_1voj4 _z9prt _1xzdi _ai5yc _5d6n2 _15lj1"><div class="_2d49e_5pK0q"><p><b>Parametry fizyczne</b></p><ul><li>Głębokość mebla: 65 cm</li><li>Szerokość mebla: 75 cm</li><li>Wysokość mebla: 65 cm</li></ul><p><b>Siedzisko</b></p><ul><li>Wysokość siedziska: 42 cm</li><li>Szerokość siedziska: 50 cm</li><li>Głębokość siedziska: 46 cm</li></ul><p><b>Obciążenie maksymalne</b>: 120 kg</p></div></div></div></div><p> </p>								</div>
				</div>
					</div>
		</div>
					</div>
		</section>
				<section class="elementor-section elementor-top-section elementor-element elementor-element-85aac3d elementor-section-boxed elementor-section-height-default elementor-section-height-default" data-id="85aac3d" data-element_type="section" data-e-type="section">
						<div class="elementor-container elementor-column-gap-default">
					<div class="elementor-column elementor-col-100 elementor-top-column elementor-element elementor-element-431d00b" data-id="431d00b" data-element_type="column" data-e-type="column">
			<div class="elementor-widget-wrap elementor-element-populated">
						<div class="elementor-element elementor-element-d0be42e elementor-widget elementor-widget-text-editor" data-id="d0be42e" data-element_type="widget" data-e-type="widget" data-widget_type="text-editor.default">
				<div class="elementor-widget-container">
									<p><b>W ofercie mamy do wyboru 5 nóżek.</b></p><p><b><img loading="lazy" decoding="async" class="wp-image-2370 size-full aligncenter" src="https://meble.womil.pl/wp-content/uploads/2023/02/nozki.png" alt="" width="686" height="363" title="" srcset="https://meble.womil.pl/wp-content/uploads/2023/02/nozki.png 686w, https://meble.womil.pl/wp-content/uploads/2023/02/nozki-300x159.png 300w, https://meble.womil.pl/wp-content/uploads/2023/02/nozki-600x317.png 600w" sizes="(max-width: 686px) 100vw, 686px" /></b></p>								</div>
				</div>
					</div>
		</div>
					</div>
		</section>
				<section class="elementor-section elementor-top-section elementor-element elementor-element-2cf436b elementor-section-boxed elementor-section-height-default elementor-section-height-default" data-id="2cf436b" data-element_type="section" data-e-type="section">
						<div class="elementor-container elementor-column-gap-default">
					<div class="elementor-column elementor-col-100 elementor-top-column elementor-element elementor-element-476eb9a" data-id="476eb9a" data-element_type="column" data-e-type="column">
			<div class="elementor-widget-wrap">
							</div>
		</div>
					</div>
		</section>
				</div>

<p>Fotel Sante to doskonałe i nowoczesne uzupełnienie wystroju naszych wnętrz &#8211; prostota i elegancja w jednym.</p>
<p>Idealnie wkomponuje się w każde wnętrze &#8211; pasuje do salonu lub biura, sprawdzi się w lokalach rozrywkowych i gastronomicznych, pubach, klubach, kawiarniach czy dyskotekach.</p>
